{"id":397,"date":"2015-12-12T10:54:12","date_gmt":"2015-12-12T09:54:12","guid":{"rendered":"http:\/\/www.noscours.be\/www.bibliorum.net\/?page_id=397"},"modified":"2024-05-27T18:42:58","modified_gmt":"2024-05-27T16:42:58","slug":"index","status":"publish","type":"page","link":"http:\/\/www.noscours.be\/www.bibliorum.net\/index\/","title":{"rendered":"Index des articles"},"content":{"rendered":"<h1>A m\u00e9diter&#8230; (<em>articles courts<\/em>)<\/h1>\n<ul>\n<li><a href=\"https:\/\/www.noscours.be\/www.bibliorum.net\/le-bonheur-si-je-veux\/\">Le bonheur si je veux&#8230;<\/a> <span style=\"font-size: 18pt;\"><a href=\"http:\/\/www.noscours.be\/www.bibliorum.net\/serai-je-un-donneur-de-fruit\/\"><img loading=\"lazy\" decoding=\"async\" class=\"alignnone  wp-image-1794\" src=\"http:\/\/www.noscours.be\/www.bibliorum.net\/wp-content\/uploads\/2024\/05\/Nouveau-001-e1716815726583-300x107.jpg\" alt=\"\" width=\"70\" height=\"25\" srcset=\"http:\/\/www.noscours.be\/www.bibliorum.net\/wp-content\/uploads\/2024\/05\/Nouveau-001-e1716815726583-300x107.jpg 300w, http:\/\/www.noscours.be\/www.bibliorum.net\/wp-content\/uploads\/2024\/05\/Nouveau-001-e1716815726583-768x273.jpg 768w, http:\/\/www.noscours.be\/www.bibliorum.net\/wp-content\/uploads\/2024\/05\/Nouveau-001-e1716815726583.jpg 1000w\" sizes=\"auto, (max-width: 70px) 100vw, 70px\" \/><\/a><\/span><\/li>\n<li><a href=\"http:\/\/www.noscours.be\/www.bibliorum.net\/serai-je-un-donneur-de-fruit\/\">Serai-je un donneur de fruit ?<\/a><\/li>\n<li><a href=\"http:\/\/www.noscours.be\/www.bibliorum.net\/petite-meditation-de-la-salle-de-bain\/\">Petites m\u00e9ditations de la salle de bain<\/a><\/li>\n<li><a href=\"http:\/\/www.noscours.be\/www.bibliorum.net\/cest-quand-meme-ballot-de-naitre-a-noel\/\">C&rsquo;est quand m\u00eame ballot de naitre \u00e0 No\u00ebl<\/a><\/li>\n<li><a href=\"http:\/\/www.noscours.be\/www.bibliorum.net\/les-tenebres-ne-lont-pas-recue\/\">Les t\u00e9n\u00e8bres ne l&rsquo;ont pas&#8230; \u00a0re\u00e7ue\u00a0? (Quelle traduction adopter?)<\/a><\/li>\n<li><a href=\"http:\/\/www.noscours.be\/www.bibliorum.net\/syndrome-de-lautruche\/\">Syndrome de l&rsquo;autruche\u00a0?<\/a><\/li>\n<li><a href=\"http:\/\/www.noscours.be\/www.bibliorum.net\/peut-on-prier-le-saint-esprit\/\">Peut-on prier le Saint-Esprit ?<\/a><\/li>\n<li><a href=\"http:\/\/www.noscours.be\/www.bibliorum.net\/tu-tes-convertie-a-quoi\/\">Tu t&rsquo;es converti(e) \u00e0 qu(o)i ?<\/a><\/li>\n<li><a href=\"http:\/\/www.noscours.be\/www.bibliorum.net\/qui-etes-vous\/\">Qui \u00eates-vous?<\/a><\/li>\n<li><a href=\"http:\/\/www.noscours.be\/www.bibliorum.net\/la-dime-en-question\/\">La d\u00eeme en question<\/a><\/li>\n<li><a href=\"http:\/\/www.noscours.be\/www.bibliorum.net\/couvrez-ce-saint-que-je-ne-saurais-voir\/\">Couvrez ce saint que je ne saurais voir<\/a><\/li>\n<li><a href=\"http:\/\/www.noscours.be\/www.bibliorum.net\/un-chemin-de-foi\/\">Un chemin de foi&#8230;<\/a><\/li>\n<li><a href=\"http:\/\/www.noscours.be\/www.bibliorum.net\/peut-on-perdre-son-salut\/\">Peut-on perdre son salut ?<\/a><\/li>\n<li><a href=\"http:\/\/www.noscours.be\/www.bibliorum.net\/pasteur-lhomme-a-tout-faire\/\">Pasteur, homme \u00e0 tout faire ?<\/a><\/li>\n<li><a href=\"http:\/\/www.noscours.be\/www.bibliorum.net\/cest-lhistoire-de-jesus-qui-arrive-a-bruxelles\/\">C&rsquo;est l&rsquo;histoire de J\u00e9sus qui arrive \u00e0 Bruxelles&#8230;<\/a><\/li>\n<li><a href=\"http:\/\/www.noscours.be\/www.bibliorum.net\/comme-du-chocolat\/\">Comme du chocolat<\/a><\/li>\n<\/ul>\n<h1>Mes notes de pr\u00e9dications (<em>articles longs<\/em>)<\/h1>\n<ul>\n<li><a href=\"http:\/\/www.noscours.be\/www.bibliorum.net\/heureuse-fete-des-meres\/\">R\u00e9flexion sur la f\u00eate des m\u00e8res<\/a><\/li>\n<\/ul>\n<h2>Petites notes bibliques<\/h2>\n<ul>\n<li><a href=\"http:\/\/www.noscours.be\/www.bibliorum.net\/psaume1v3\/\">Psaume 1.3<\/a><\/li>\n<li><a href=\"http:\/\/www.noscours.be\/www.bibliorum.net\/psaume-2-7\/\">Psaume 2.7<\/a><\/li>\n<li><a href=\"http:\/\/www.noscours.be\/www.bibliorum.net\/psaume-3-4\/\">Psaume 3.4<\/a><\/li>\n<\/ul>\n<h2>Etudier\/M\u00e9diter la Bible<\/h2>\n<ul>\n<li><a href=\"https:\/\/www.noscours.be\/www.bibliorum.net\/jeu-de-cartes-pour-etudier-un-texte-biblique-differemment\/\">Jeu de cartes pour \u00e9tudier un texte biblique diff\u00e9remment\u00a0<\/a><br \/>\n<span style=\"font-size: 10pt;\">&gt;&gt;&gt; 87 questions (im)pertinentes <img loading=\"lazy\" decoding=\"async\" class=\"\" src=\"http:\/\/www.noscours.be\/www.bibliorum.net\/wp-content\/uploads\/2024\/05\/Nouveau-001-e1716815726583-300x107.jpg\" width=\"95\" height=\"34\" \/><\/span><\/li>\n<li><a href=\"http:\/\/www.noscours.be\/www.bibliorum.net\/5-jours-avec-jonas\/\">5 jours avec Jonas&#8230;<\/a><\/li>\n<li><a href=\"https:\/\/www.noscours.be\/www.bibliorum.net\/cec2015\/\">Atelier \u00ab\u00a0<em>Pr\u00e9parer une m\u00e9ditation&#8230;<\/em>\u00a0\u00bb apport\u00e9 lors du CEC 20215<\/a> <span style=\"font-size: 10pt;\">(avec dossier de 80 pages)<\/span><\/li>\n<li><a href=\"http:\/\/www.noscours.be\/www.bibliorum.net\/decouvrez-la-bible-journal-de-bord-segond-21\/\">M\u00e9diter avec une belle bible (La Bible Journal de Bord vous est pr\u00e9sent\u00e9e)&#8230;<\/a><\/li>\n<li><a href=\"http:\/\/www.noscours.be\/www.bibliorum.net\/quelle-version-segond-choisir\/\">Quelle version Segond choisir ?<\/a><\/li>\n<li><a href=\"http:\/\/www.noscours.be\/www.bibliorum.net\/un-code-couleur-pour-sa-bible\/\">Un code couleur pour sa Bible&#8230;<\/a><\/li>\n<li><a href=\"http:\/\/www.noscours.be\/www.bibliorum.net\/cec2015\/\">Pr\u00e9parer une pr\u00e9dication\/m\u00e9ditation&#8230;<\/a><\/li>\n<li><a href=\"http:\/\/www.noscours.be\/www.bibliorum.net\/utiliser-les-n-strong-bible-online-logos-bible\/\">Etudier la Bible et approcher les langues originales avec Bible Online &amp; Logos Bible<\/a><\/li>\n<li><a href=\"http:\/\/www.noscours.be\/www.bibliorum.net\/avoir-recours-aux-langues-originales-dans-son-etude-biblique\/\">Avoir recours aux langues originales dans son \u00e9tude biblique ?<\/a><\/li>\n<\/ul>\n<h2>Les livres que je recommande&#8230;<\/h2>\n<ul>\n<li><a href=\"http:\/\/www.noscours.be\/www.bibliorum.net\/livres-recommandes\/\">Cliquez ici pour aller sur la page des <em>livres recommand\u00e9s&#8230;<\/em><\/a><\/li>\n<\/ul>\n","protected":false},"excerpt":{"rendered":"<p>A m\u00e9diter&#8230; (articles courts) Le bonheur si je veux&#8230; Serai-je un donneur de fruit ? Petites m\u00e9ditations de la salle de bain C&rsquo;est quand m\u00eame ballot de naitre \u00e0 No\u00ebl Les t\u00e9n\u00e8bres ne l&rsquo;ont pas&#8230; \u00a0re\u00e7ue\u00a0? (Quelle traduction adopter?) Syndrome de l&rsquo;autruche\u00a0? Peut-on prier le Saint-Esprit ? Tu t&rsquo;es converti(e) \u00e0 qu(o)i ? Qui \u00eates-vous? &hellip; <a href=\"http:\/\/www.noscours.be\/www.bibliorum.net\/index\/\" class=\"more-link\">Continuer la lecture de <span class=\"screen-reader-text\">Index des articles<\/span>  <span class=\"meta-nav\">&rarr;<\/span><\/a><\/p>\n","protected":false},"author":1,"featured_media":0,"parent":0,"menu_order":0,"comment_status":"closed","ping_status":"closed","template":"","meta":{"footnotes":""},"class_list":["post-397","page","type-page","status-publish","hentry"],"_links":{"self":[{"href":"http:\/\/www.noscours.be\/www.bibliorum.net\/wp-json\/wp\/v2\/pages\/397","targetHints":{"allow":["GET"]}}],"collection":[{"href":"http:\/\/www.noscours.be\/www.bibliorum.net\/wp-json\/wp\/v2\/pages"}],"about":[{"href":"http:\/\/www.noscours.be\/www.bibliorum.net\/wp-json\/wp\/v2\/types\/page"}],"author":[{"embeddable":true,"href":"http:\/\/www.noscours.be\/www.bibliorum.net\/wp-json\/wp\/v2\/users\/1"}],"replies":[{"embeddable":true,"href":"http:\/\/www.noscours.be\/www.bibliorum.net\/wp-json\/wp\/v2\/comments?post=397"}],"version-history":[{"count":37,"href":"http:\/\/www.noscours.be\/www.bibliorum.net\/wp-json\/wp\/v2\/pages\/397\/revisions"}],"predecessor-version":[{"id":1831,"href":"http:\/\/www.noscours.be\/www.bibliorum.net\/wp-json\/wp\/v2\/pages\/397\/revisions\/1831"}],"wp:attachment":[{"href":"http:\/\/www.noscours.be\/www.bibliorum.net\/wp-json\/wp\/v2\/media?parent=397"}],"curies":[{"name":"wp","href":"https:\/\/api.w.org\/{rel}","templated":true}]}}